st the prime factors of 6577.
6577
What are the prime factors of 1579?
1579
What are the prime factors of 773?
773
What are the prime factors of 99018?
2, 3, 5501
List the prime factors of 5108.
2, 1277
List the prime factors of 18760.
2, 5, 7, 67
What are the prime factors of 1038?
2, 3, 173
List the prime factors of 5391.
3, 599
What are the prime factors of 76783?
7, 1567
What are the prime factors of 33945?
3, 5, 31, 73
What are the prime factors of 4570?
2, 5, 457
List the prime factors of 1367.
1367
What are the prime factors of 21297?
3, 31, 229
List the prime factors of 724.
2, 181
List the prime factors of 6355.
5, 31, 41
What are the prime factors of 5778?
2, 3, 107
List the prime factors of 45144.
2, 3, 11, 19
List the prime factors of 34285.
5, 6857
List the prime factors of 98827.
37, 2671
What are the prime factors of 22075?
5, 883
What are the prime factors of 3289?
11, 13, 23
List the prime factors of 5749.
5749
List the prime factors of 27293.
7, 557
What are the prime factors of 16493?
16493
List the prime factors of 2107.
7, 43
What are the prime factors of 38473?
79, 487
What are the prime factors of 7791?
3, 7, 53
List the prime factors of 55249.
55249
What are the prime factors of 145015?
5, 13, 23, 97
List the prime factors of 3679.
13, 283
What are the prime factors of 30345?
3, 5, 7, 17
List the prime factors of 552.
2, 3, 23
What are the prime factors of 1634?
2, 19, 43
What are the prime factors of 2744?
2, 7
What are the prime factors of 750?
2, 3, 5
What are the prime factors of 2329?
17, 137
List the prime factors of 89.
89
List the prime factors of 77448.
2, 3, 7, 461
What are the prime factors of 4717?
53, 89
List the prime factors of 417.
3, 139
List the prime factors of 7941.
3, 2647
What are the prime factors of 8671?
13, 23, 29
List the prime factors of 834.
2, 3, 139
What are the prime factors of 1713?
3, 571
What are the prime factors of 33117?
3, 7, 19, 83
List the prime factors of 11240.
2, 5, 281
What are the prime factors of 915?
3, 5, 61
List the prime factors of 2384.
2, 149
List the prime factors of 4447.
4447
List the prime factors of 21159.
3, 2351
List the prime factors of 212.
2, 53
What are the prime factors of 7047?
3, 29
What are the prime factors of 83?
83
List the prime factors of 35614.
2, 17807
List the prime factors of 404.
2, 101
What are the prime factors of 3075?
3, 5, 41
What are the prime factors of 859?
859
What are the prime factors of 189?
3, 7
List the prime factors of 88474.
2, 31, 1427
What are the prime factors of 65?
5, 13
What are the prime factors of 75?
3, 5
What are the prime factors of 9734?
2, 31, 157
What are the prime factors of 51540?
2, 3, 5, 859
List the prime factors of 4216.
2, 17, 31
List the prime factors of 523.
523
What are the prime factors of 5383?
7, 769
List the prime factors of 34924.
2, 8731
List the prime factors of 394.
2, 197
What are the prime factors of 4635?
3, 5, 103
List the prime factors of 3680.
2, 5, 23
List the prime factors of 13400.
2, 5, 67
List the prime factors of 611.
13, 47
What are the prime factors of 4854?
2, 3, 809
List the prime factors of 6326.
2, 3163
List the prime factors of 2163.
3, 7, 103
List the prime factors of 15021.
3, 1669
What are the prime factors of 6750?
2, 3, 5
List the prime factors of 11912.
2, 1489
What are the prime factors of 15199?
15199
List the prime factors of 4677.
3, 1559
List the prime factors of 928.
2, 29
What are the prime factors of 22300?
2, 5, 223
List the prime factors of 9740.
2, 5, 487
List the prime factors of 78160.
2, 5, 977
List the prime factors of 4283.
4283
List the prime factors of 70215.
3, 5, 31, 151
What are the prime factors of 5257?
7, 751
List the prime factors of 11631.
3, 3877
List the prime factors of 1124.
2, 281
What are the prime factors of 3350?
2, 5, 67
List the prime factors of 1228.
2, 307
List the prime factors of 25438.
2, 7, 23, 79
List the prime factors of 1071.
3, 7, 17
List the prime factors of 35744.
2, 1117
List the prime factors of 1590.
2, 3, 5, 53
List the prime factors of 2056.
2, 257
What are the prime factors of 5267?
23, 229
What are the prime factors of 11647?
19, 613
List the prime factors of 18.
2, 3
List the prime factors of 8709.
3, 2903
List the prime factors of 12454.
2, 13, 479
What are the prime factors of 30?
2, 3, 5
What are the prime factors of 2034?
2, 3, 113
List the prime factors of 94338.
2, 3, 1747
List the prime factors of 51752.
2, 6469
List the prime factors of 677.
677
List the prime factors of 11767.
7, 41
List the prime factors of 557.
557
What are the prime factors of 1956?
2, 3, 163
What are the prime factors of 17302?
2, 41, 211
What are the prime factors of 662?
2, 331
List the prime factors of 102352.
2, 6397
What are the prime factors of 10780?
2, 5, 7, 11
What are the prime factors of 3978?
2, 3, 13, 17
List the prime factors of 109801.
19, 5779
What are the prime factors of 1656?
2, 3, 23
List the prime factors of 1784.
2, 223
What are the prime factors of 13784?
2, 1723
What are the prime factors of 97530?
2, 3, 5, 3251
List the prime factors of 2190.
2, 3, 5, 73
What are the prime factors of 131?
131
List the prime factors of 694.
2, 347
List the prime factors of 339.
3, 113
List the prime factors of 44581.
109, 409
What are the prime factors of 66398?
2, 33199
List the prime factors of 3830.
2, 5, 383
List the prime factors of 10214.
2, 5107
What are the prime factors of 88142?
2, 44071
What are the prime factors of 344?
2, 43
What are the prime factors of 30859?
30859
List the prime factors of 1271.
31, 41
What are the prime factors of 4036?
2, 1009
What are the prime factors of 713?
23, 31
What are the prime factors of 1676?
2, 419
What are the prime factors of 3965?
5, 13, 61
What are the prime factors of 2810?
2, 5, 281
List the prime factors of 3417.
3, 17, 67
List the prime factors of 2147.
19, 113
What are the prime factors of 2026?
2, 1013
List the prime factors of 10956.
2, 3, 11, 83
What are the prime factors of 844?
2, 211
What are the prime factors of 1996?
2, 499
What are the prime factors of 24200?
2, 5, 11
List the prime factors of 1232.
2, 7, 11
What are the prime factors of 1946?
2, 7, 139
What are the prime factors of 2235?
3, 5, 149
What are the prime factors of 12511?
12511
List the prime factors of 55404.
2, 3, 19
List the prime factors of 744.
2, 3, 31
What are the prime factors of 30434?
2, 15217
List the prime factors of 6881.
7, 983
List the prime factors of 124416.
2, 3
What are the prime factors of 4636?
2, 19, 61
List the prime factors of 1106.
2, 7, 79
What are the prime factors of 431?
431
List the prime factors of 18963.
3, 7, 43
List the prime factors of 2811.
3, 937
What are the prime factors of 1401?
3, 467
List the prime factors of 2381.
2381
What are the prime factors of 20799?
3, 2311
List the prime factors of 1240.
2, 5, 31
List the prime factors of 9967.
9967
What are the prime factors of 4557?
3, 7, 31
List the prime factors of 2836.
2, 709
List the prime factors of 2815.
5, 563
What are the prime factors of 987?
3, 7, 47
List the prime factors of 50343.
3, 97, 173
List the prime factors of 8163.
3, 907
List the prime factors of 4086.
2, 3, 227
List the prime factors of 2445.
3, 5, 163
List the prime factors of 567.
3, 7
What are the prime factors of 985?
5, 197
List the prime factors of 894.
2, 3, 149
What are the prime factors of 4453?
61, 73
What are the prime factors of 25944?
2, 3, 23, 47
What are the prime factors of 4173?
3, 13, 107
List the prime factors of 11285.
5, 37, 61
What are the prime factors of 18893?
7, 2699
What are the prime factors of 8684?
2, 13, 167
What are the prime factors of 35191?
13, 2707
List the prime factors of 36644.
2, 9161
What are the prime factors of 533?
13, 41
What are the prime factors of 2136?
2, 3, 89
List the prime factors of 75908.
2, 7, 2711
List the prime factors of 5094.
2, 3, 283
List the prime factors of 631.
631
What are the prime factors of 66914?
2, 33457
What are the prime factors of 921?
3, 307
What are the prime factors of 56006?
2, 41, 683
What are the prime factors of 6791?
6791
List the prime factors of 37566.
2, 3, 2087
What are the prime factors of 111957?
3, 67, 557
List the prime factors of 9555.
3, 5, 7, 13
What a